{"id":373,"date":"2021-10-14T08:41:13","date_gmt":"2021-10-14T11:41:13","guid":{"rendered":"https:\/\/caslom.com\/?post_type=product&#038;p=373"},"modified":"2022-04-22T15:15:25","modified_gmt":"2022-04-22T18:15:25","slug":"terminales-estanadas","status":"publish","type":"product","link":"https:\/\/caslom.com\/index.php\/producto\/terminales-estanadas\/","title":{"rendered":"terminales esta\u00f1adas"},"content":{"rendered":"<table style=\"height: 870px\" width=\"487\">\n<tbody>\n<tr>\n<td style=\"text-align: center\" width=\"109\">75<\/td>\n<td width=\"298\">T.ESTA\u00d1ADA OJAL CABLE 1.5 MM<\/td>\n<\/tr>\n<tr>\n<td style=\"text-align: center\">76<\/td>\n<td>T.ESTA\u00d1ADA OJAL CABLE 2.5 MM<\/td>\n<\/tr>\n<tr>\n<td style=\"text-align: center\">77<\/td>\n<td>T.ESTA\u00d1ADA OJAL CABLE 4 MM<\/td>\n<\/tr>\n<tr>\n<td style=\"text-align: center\">78<\/td>\n<td>T.ESTA\u00d1ADA OJAL CABLE 6 MM<\/td>\n<\/tr>\n<tr>\n<td style=\"text-align: center\">79<\/td>\n<td>T.ESTA\u00d1ADA OJAL CABLE 10\u00a0 MM<\/td>\n<\/tr>\n<tr>\n<td style=\"text-align: center\">80<\/td>\n<td>T.ESTA\u00d1ADA OJAL CABLE 16\u00a0 MM<\/td>\n<\/tr>\n<tr>\n<td style=\"text-align: center\">81<\/td>\n<td>T.ESTA\u00d1ADA OJAL CABLE 25\u00a0 MM<\/td>\n<\/tr>\n<tr>\n<td style=\"text-align: center\">82<\/td>\n<td>T.ESTA\u00d1ADA OJAL CABLE 35\u00a0 MM<\/td>\n<\/tr>\n<tr>\n<td style=\"text-align: center\">83<\/td>\n<td>T.ESTA\u00d1ADA OJAL CABLE 50\u00a0 MM<\/td>\n<\/tr>\n<tr>\n<td style=\"text-align: center\">84<\/td>\n<td>T.ESTA\u00d1ADA OJAL CABLE 70 MM<\/td>\n<\/tr>\n<tr>\n<td style=\"text-align: center\">85<\/td>\n<td>T.ESTA\u00d1ADA HORQUI. CABLE 2.5 MM<\/td>\n<\/tr>\n<tr>\n<td style=\"text-align: center\">86<\/td>\n<td>T.ESTA\u00d1ADA HORQUI. CABLE 4 MM<\/td>\n<\/tr>\n<tr>\n<td style=\"text-align: center\">87<\/td>\n<td>T.ESTA\u00d1ADA HORQUI. CABLE 6 MM<\/td>\n<\/tr>\n<tr>\n<td style=\"text-align: center\">88<\/td>\n<td>T.ESTA\u00d1ADA HORQUI. CABLE 10 MM<\/td>\n<\/tr>\n<tr>\n<td style=\"text-align: center\">89<\/td>\n<td>T.ESTA\u00d1ADA UNION CABLE 2.5\u00a0 MM<\/td>\n<\/tr>\n<tr>\n<td style=\"text-align: center\">90<\/td>\n<td>T.ESTA\u00d1ADA UNION CABLE 4\u00a0 MM<\/td>\n<\/tr>\n<tr>\n<td style=\"text-align: center\">91<\/td>\n<td>T.ESTA\u00d1ADA UNION CABLE 6 MM<\/td>\n<\/tr>\n<tr>\n<td style=\"text-align: center\">92<\/td>\n<td>T.ESTA\u00d1ADA UNION CABLE 10 MM<\/td>\n<\/tr>\n<tr>\n<td style=\"text-align: center\">93<\/td>\n<td>T.ESTA\u00d1ADA UNION CABLE 16 MM<\/td>\n<\/tr>\n<tr>\n<td style=\"text-align: center\">94<\/td>\n<td>T.ESTA\u00d1ADA UNION CABLE 25 MM<\/td>\n<\/tr>\n<tr>\n<td style=\"text-align: center\">95<\/td>\n<td>T.ESTA\u00d1ADA UNION CABLE 35 MM<\/td>\n<\/tr>\n<tr>\n<td style=\"text-align: center\">96<\/td>\n<td>T.ESTA\u00d1ADA UNION CABLE 50 MM<\/td>\n<\/tr>\n<tr>\n<td style=\"text-align: center\">97<\/td>\n<td>T.ESTA\u00d1ADA UNION CABLE 70 MM<\/td>\n<\/tr>\n<tr>\n<td style=\"text-align: center\">98<\/td>\n<td>T.CLAVIJA 1 MM (ROJO)<\/td>\n<\/tr>\n<tr>\n<td style=\"text-align: center\">99<\/td>\n<td>T.CLAVIJA 1,5 MM (NEGRO)<\/td>\n<\/tr>\n<tr>\n<td style=\"text-align: center\">100<\/td>\n<td>T.CLAVIJA 2,5 MM (GRIS)<\/td>\n<\/tr>\n<tr>\n<td style=\"text-align: center\">101<\/td>\n<td>T.CLAVIJA 4 MM (NARANJA)<\/td>\n<\/tr>\n<\/tbody>\n<\/table>\n<p>&nbsp;<\/p>\n","protected":false},"excerpt":{"rendered":"<p>75 T.ESTA\u00d1ADA OJAL CABLE 1.5 MM 76 T.ESTA\u00d1ADA OJAL CABLE 2.5 MM 77 T.ESTA\u00d1ADA OJAL CABLE 4 MM 78 T.ESTA\u00d1ADA OJAL CABLE 6 MM 79 T.ESTA\u00d1ADA OJAL CABLE 10\u00a0 MM 80 T.ESTA\u00d1ADA OJAL CABLE 16\u00a0 MM 81 T.ESTA\u00d1ADA OJAL CABLE 25\u00a0 MM 82 T.ESTA\u00d1ADA OJAL CABLE 35\u00a0 MM 83 T.ESTA\u00d1ADA OJAL CABLE 50\u00a0 MM 84 [&hellip;]<\/p>\n","protected":false},"featured_media":374,"template":"","meta":{"spay_email":"","_joinchat":[]},"product_cat":[41],"product_tag":[],"class_list":{"0":"post-373","1":"product","2":"type-product","3":"status-publish","4":"has-post-thumbnail","6":"product_cat-terminales-estanadas","8":"first","9":"instock","10":"shipping-taxable","11":"product-type-simple"},"_links":{"self":[{"href":"https:\/\/caslom.com\/index.php\/wp-json\/wp\/v2\/product\/373","targetHints":{"allow":["GET"]}}],"collection":[{"href":"https:\/\/caslom.com\/index.php\/wp-json\/wp\/v2\/product"}],"about":[{"href":"https:\/\/caslom.com\/index.php\/wp-json\/wp\/v2\/types\/product"}],"wp:featuredmedia":[{"embeddable":true,"href":"https:\/\/caslom.com\/index.php\/wp-json\/wp\/v2\/media\/374"}],"wp:attachment":[{"href":"https:\/\/caslom.com\/index.php\/wp-json\/wp\/v2\/media?parent=373"}],"wp:term":[{"taxonomy":"product_cat","embeddable":true,"href":"https:\/\/caslom.com\/index.php\/wp-json\/wp\/v2\/product_cat?post=373"},{"taxonomy":"product_tag","embeddable":true,"href":"https:\/\/caslom.com\/index.php\/wp-json\/wp\/v2\/product_tag?post=373"}],"curies":[{"name":"wp","href":"https:\/\/api.w.org\/{rel}","templated":true}]}}