{"id":64,"date":"2020-10-10T23:39:30","date_gmt":"2020-10-11T02:39:30","guid":{"rendered":"https:\/\/caslom.com\/?page_id=64"},"modified":"2021-02-19T00:08:30","modified_gmt":"2021-02-19T03:08:30","slug":"nosotros","status":"publish","type":"page","link":"https:\/\/caslom.com\/index.php\/nosotros\/","title":{"rendered":"Nosotros"},"content":{"rendered":"\n<h2 class=\"wp-block-heading\">Sobre nosotros<\/h2>\n\n\n\n<hr class=\"wp-block-separator\"\/>\n\n\n\n<div class=\"wp-block-group\"><div class=\"wp-block-group__inner-container is-layout-flow wp-block-group-is-layout-flow\">\n<blockquote class=\"wp-block-quote has-text-align-left is-style-large is-layout-flow wp-block-quote-is-layout-flow\"><p>Para nuestra empresa, la calidad, seguridad y fiabilidad de nuestros productos constituyen la base para operar con \u00e9xito en el mercado. La misma debe expresarse en todas nuestras acciones y productos. <\/p><p>Nuestro indicador m\u00e1s importante de calidad, es la aceptaci\u00f3n y la satisfacci\u00f3n de nuestros clientes.<\/p><p>Nos esforzamos constantemente por preservar y aumentar la confianza de <strong>Caslom<\/strong>, como proveedor, al garantizar<em> con m\u00e1s de 10 a\u00f1os de experencia, la distribuci\u00f3n de los mejores art\u00edculos nacionales e importados.<\/em><\/p><cite>CASLOM<\/cite><\/blockquote>\n<\/div><\/div>\n","protected":false},"excerpt":{"rendered":"<p>Sobre nosotros Para nuestra empresa, la calidad, seguridad y fiabilidad de nuestros productos constituyen la base para operar con \u00e9xito en el mercado. La misma debe expresarse en todas nuestras acciones y productos. Nuestro indicador m\u00e1s importante de calidad, es la aceptaci\u00f3n y la satisfacci\u00f3n de nuestros clientes. Nos esforzamos constantemente por preservar y aumentar [&hellip;]<\/p>\n","protected":false},"author":1,"featured_media":0,"parent":0,"menu_order":2,"comment_status":"closed","ping_status":"closed","template":"","meta":{"spay_email":"","_joinchat":[],"footnotes":""},"class_list":["post-64","page","type-page","status-publish","hentry"],"_links":{"self":[{"href":"https:\/\/caslom.com\/index.php\/wp-json\/wp\/v2\/pages\/64","targetHints":{"allow":["GET"]}}],"collection":[{"href":"https:\/\/caslom.com\/index.php\/wp-json\/wp\/v2\/pages"}],"about":[{"href":"https:\/\/caslom.com\/index.php\/wp-json\/wp\/v2\/types\/page"}],"author":[{"embeddable":true,"href":"https:\/\/caslom.com\/index.php\/wp-json\/wp\/v2\/users\/1"}],"replies":[{"embeddable":true,"href":"https:\/\/caslom.com\/index.php\/wp-json\/wp\/v2\/comments?post=64"}],"version-history":[{"count":9,"href":"https:\/\/caslom.com\/index.php\/wp-json\/wp\/v2\/pages\/64\/revisions"}],"predecessor-version":[{"id":189,"href":"https:\/\/caslom.com\/index.php\/wp-json\/wp\/v2\/pages\/64\/revisions\/189"}],"wp:attachment":[{"href":"https:\/\/caslom.com\/index.php\/wp-json\/wp\/v2\/media?parent=64"}],"curies":[{"name":"wp","href":"https:\/\/api.w.org\/{rel}","templated":true}]}}